(n) = n**3 - 4*n**2 + 3*n - 2. Is g(b) composite?
True
Let p(j) = 2*j**2 - 8*j + 17. Is p(22) prime?
True
Let l = 4 - 1. Let s be (30/(-8))/(l/(-8)). Suppose 5*n - s = -5*c, -c - 16 = -3*c + n. Is c prime?
False
Suppose 5*g + 417 = -813. Let t = 901 + g. Is t prime?
False
Let i(p) = p**2 - 8*p + 8. Let t be i(8). Let k(l) = 6*l + 1. Is k(t) composite?
True
Let n(i) = -3*i**3 + i**2 - 2. Suppose -5*v + y + y = -16, 4*y = -5*v - 2. Let c be (32/(-8))/(v + 0). Is n(c) prime?
False
Suppose -6*z = -5*z - 131. Is z prime?
True
Let r(l) be the first derivative of 2*l**3/3 + l**2 - 7*l + 16. Let c = 1 + 5. Is r(c) a prime number?
False
Suppose -2*t + 407 = 49. Is t prime?
True
Suppose -3*n + 926 = -0*w + 5*w, 5*n - 1532 = 3*w. Is n a composite number?
False
Let g(m) = -m + 11. Let j = -1 + 2. Let x = -1 + j. Is g(x) prime?
True
Let c(n) = -n + 3. Let w be c(1). Suppose -5*p + 466 = -514. Suppose -w*r - 2*r = -p. Is r a composite number?
True
Let c(s) = -s**3 + 10*s**2 + 11*s + 6. Let f be c(11). Let m be 11/2 + (-3)/f. Suppose 1 = -l + 5, m*l = -a + 58. Is a a prime number?
False
Let z = 16 - 11. Suppose -4*b - 2*a = -z*a - 5, 5 = 5*b - 5*a. Suppose 0 = -3*r + 4*n + 37, 3*r + b*n - 1 = 30. Is r a prime number?
True
Let p be 3/(-12) - (-255)/12. Let i = 13 - p. Is 1*(-1)/1 - i a prime number?
True
Suppose 9752 = 17*m - 9*m. Is m composite?
True
Suppose -2*m = 2*u - 18, -4*m = 2*u - m - 22. Suppose -u*k - 39 = -164. Suppose v + 2*y - k = 0, 0 = 2*v - 0*y - 2*y - 80. Is v prime?
False
Suppose -a + 1347 = -2042. Is a prime?
True
Let g(f) = -81*f**2 - 3*f - 2. Let h be g(-1). Let c = h - -159. Is c composite?
False
Let w(k) = 3*k - 43*k - 3 + 2*k. Is w(-4) a composite number?
False
Let y(h) = 3*h. Let l be y(1). Suppose l*o = -3*r + 18, 0*o + 4*o - 12 = -r. Suppose 3*g + 242 = f, -r*g + 231 = f - 46. Is f a composite number?
False
Let i = 4 - 12. Let x = i - -4. Is (-1 - x)*(-28)/(-6) composite?
True
Let r be (-1)/5 + 5/25. Is -1*(1*-143 + r) prime?
False
Let v = 379 + 114. Is v composite?
True
Suppose -863 - 616 = -3*r. Is r prime?
False
Suppose 0 = -4*r - 5*d + 715, -2*d - 350 = -2*r - 6*d. Is r a prime number?
False
Suppose 5 = 4*t + y, -5*t + 4 = -y + 9. Suppose 0*l - l + h + 79 = t, 4*h - 431 = -5*l. Suppose 3*g - 58 = l. Is g a prime number?
True
Let o(w) = -w**3 + w**2 - 5*w + 11. Is o(-6) a composite number?
False
Let c(w) = -98*w - 5. Is c(-2) a prime number?
True
Let y be (-8)/(-6)*(-6867)/(-6). Suppose 3*i = -w - 384, 4*w - 2*i + y = -4*i. Is w*1/(6/(-2)) composite?
False
Suppose -3*t - 4*q + 5 = 2*t, -2*t = -3*q - 2. Is (-1 - (t - -1)) + 25 prime?
False
Suppose 0 = 3*l + l - 8. Let m be -4 + l - -3 - -11. Is ((-69)/m)/(2/(-24)) composite?
True
Let f(a) = 165*a + 1. Is f(2) prime?
True
Suppose -4*u - 4*c - 12 = 0, u + c + 6 = -c. Suppose -4*s + 5*b + 642 = -u*s, 150 = s + 4*b. Is s composite?
True
Suppose -2*w - 8 - 12 = -4*t, -4*t + 20 = 4*w. Suppose 0 = 4*z - 17 - 19. Suppose -z*m + t*m = -140. Is m prime?
False
Suppose 1338 = 2*i + 396. Is i a prime number?
False
Suppose -2*s - 3*s = 1030. Let f = 140 - s. Is f composite?
True
Let t(s) = -95*s - 66. Let m(w) = 19*w + 13. Let f(v) = 11*m(v) + 2*t(v). Let y be f(8). Suppose -5*n + y = -2*u, 5*n - 4*u + 34 = 195. Is n prime?
False
Suppose 3*l + 0*l - 2*c = -17, -8 = -2*c. Let g be 1*(-29)/(-3)*l. Let d = g + 66. Is d prime?
True
Let z be ((-124)/3)/(2/6). Let j = -233 - z. Let c = j - -155. Is c prime?
False
Suppose -5*x - 2*t = -27931, 2*x - 5*t - 6226 = 4929. Is x a prime number?
False
Suppose 2*d - 7*d = -25. Suppose -2*n - d - 1 = 2*g, -2*g = -3*n - 9. Suppose h + g*h - 26 = 0. Is h composite?
True
Let t(y) = 15*y**2 - 2*y + 1. Let r be t(1). Let z = -28 + r. Let g = z + 33. Is g a composite number?
False
Let j(d) = 7*d**2 + 10*d + 5. Is j(-7) composite?
True
Let y = 113 - 14. Suppose 0 = -4*t + 209 + y. Is t a composite number?
True
Suppose 2*h - 2020 = 7*h. Is h/(-12) - 4/6 a composite number?
True
Let z(b) = 331*b + 5. Is z(2) prime?
False
Suppose 4*p - 242 = 98. Is p a prime number?
False
Suppose -7*q + 3*q = 0. Suppose q = -v - 64 + 249. Is v prime?
False
Suppose -3 = -c + d - 1, 2*c + 2 = -4*d. Is (-1)/c - (-4 - 36) composite?
True
Let d = -685 - -1318. Is d a prime number?
False
Let h(v) = 2*v + 89. Is h(0) a prime number?
True
Let p(l) = 8*l**2 - 8*l + 3. Is p(8) composite?
True
Let v(q) = -2*q**3 - 7*q**2 + 4*q + 12. Is v(-5) prime?
True
Let f = -5 - -13. Let l = 14 - f. Is l prime?
False
Suppose 3*b + 58 = 4*b + 5*o, 0 = -2*b - o + 80. Suppose -2*s = -b - 18. Let n = s + -2. Is n prime?
False
Let a = 0 + 3. Suppose y + 86 = a*y. Is y a composite number?
False
Let j = 1183 + -804. Is j prime?
True
Suppose -1780 = -3*w + w. Suppose w = 2*b - n + 2*n, -3*b + 3*n = -1317. Is b a composite number?
False
Suppose -4*c - 2*s + 190 = 0, 2*c - 3*c = 3*s - 50. Is c a composite number?
False
Suppose -2*y + 5*f + 662 = 0, -4*y + f = y - 1655. Is y prime?
True
Suppose -3*c + 4*k = -18 - 693, -3*k + 474 = 2*c. Suppose 0 = 3*l + 2*p - 201, p = 3*l - c + 36. Is l prime?
True
Let v(f) be the third derivative of 0*f - 11/6*f**3 + 0 - 5/12*f**4 - 2*f**2. Is v(-9) composite?
False
Let n be (1/(-2))/(4/(-16)). Suppose n*w + 4*y - 74 = 0, w - 46 + 9 = 4*y. Is w a composite number?
False
Let s = 0 - -2. Suppose 240 = s*p - 122. Is p composite?
False
Let g(z) = -z**3 - 7*z**2 + z + 3. Let b be g(-7). Let p = b - -69. Is p composite?
True
Let g(p) = 200*p**2 - 4*p + 5. Let f be g(2). Suppose -1594 = -2*t + 3*i, t + 0*i - f = i. Is t a prime number?
True
Let g(z) = -z + 9. Let b be g(6). Let h(r) = 5 - 2*r**2 + 0*r**2 - 4 + r**3. Is h(b) a composite number?
True
Suppose 5*q - 3*q - 4*h = 614, h + 312 = q. Is q a composite number?
False
Suppose -1 - 5 = -3*a. Suppose 0*s - 1016 = a*s. Is (4/(-8))/(2/s) prime?
True
Let p(m) = m**3 - 7*m**2 - 2*m - 7. Is p(12) a composite number?
True
Suppose -2*o + 4 + 0 = 0. Suppose 2*b = 4*g - o*g - 194, 2*g - 4*b = 198. Is g composite?
True
Suppose c + 0*c = -q - 1, -5*q + 4*c - 32 = 0. Let y be 1/(((-3)/q)/3). Let x = y + 9. Is x a composite number?
False
Suppose -288 = -2*q - 5*l, 4*q + q + 2*l - 741 = 0. Is q a prime number?
True
Let t = -98 - -183. Is t a prime number?
False
Let g = 654 - 361. Is g prime?
True
Let x(v) = v + 8. Let l be x(-6). Let h be l + (-5)/(5/(-2)). Suppose 0*k - 3*o = h*k - 262, 2*o = k - 71. Is k a composite number?
False
Let z(y) = y**3 + 8*y**2 - 6*y. Let g be z(-6). Let x be ((-3)/2)/((-1)/2). Suppose -x*p - 3 = -g. Is p a prime number?
False
Suppose 4*o = 111 + 397. Is o a composite number?
False
Suppose -4*h - 102 = 10. Is (35/10)/((-2)/h) composite?
True
Let x be (-4)/(-6) + (-14)/(-6). Let t = 66 + -62. Suppose t*y + x*j = 393 - 161, 3*y + j - 169 = 0. Is y a composite number?
True
Suppose -3*w = -w - 526. Is w composite?
False
Let i(f) = 0*f + 5*f + 43*f - 1 - 6*f. Let p be i(1). Let z = p - 22. Is z a prime number?
True
Is 1966/4 + (57/(-6) - -9) composite?
False
Let t = -10 + 4. Let o(g) = -g**3 - 7*g**2 - 7*g - 4. Let c be o(t). Suppose -c*k = 5*j - 183, -3*j - 4*k + 125 = k. Is j composite?
True
Let k(w) = -w**2 - 8*w - 9. Let u be k(-8). Let c(t) = 9*t**2 + 5*t + 2. Let h be c(-5). Let z = h - u. Is z prime?
True
Is (860/(-30))/((-1)/3) composite?
True
Suppose -6*j - 5036 = -10*j. Is j prime?
True
Suppose 2*z = -2 + 48. Let s = -14 + z. Suppose 0 = 5*x - f - 156 - 116, -3*f + s = 0. Is x composite?
True
Suppose -8*q + 0*q + 5128 = 0. Is q a composite number?
False
Suppose 95 = -4*k - y + 338, -99 = -2*k - 5*y. Suppose -5*o - 15 = -10*o. Suppose k = o*z - 43. Is z composite?
True
Suppose -w + 641 = u, -5*w + 2402 = u - 803. Is w composite?
False
Let j be (-4)/(-6) - (-7)/3. Suppose -j*b + 2*r + 196 = -3*r, 0 = 4*b - r - 267. Is b prime?
True
Is (481/13)/(1/3) a prime number?
False
Let m = -6588 - -9431. Is m composite?
False
Is 2 + ((-9)/3 - -1647) + -3 prime?
False
Let y be 10/(-3)*(-15)/2. Let o = -4 + 13. Let x = y + o. Is x prime?
False
Suppose 2*o - 7*o = 35. Let f(b) = -b**3 - 7*b**2 - 3*b + 3. Let m be f(o). Suppose -m = 4*u - 8, 2*u = s - 73. Is s a prime number?
False
Let k(c) = -c - 17. Let j be k(-10). Let o = j - -5. Is (41/o + 2)*-2 a prime number?
True
Let m(j) = 278*j**2 - 6*j - 7. Is m(-3) composite?
True
Let d be